rs of 3474?
2, 3, 193
List the prime factors of 3554.
2, 1777
List the prime factors of 2092.
2, 523
List the prime factors of 1049.
1049
List the prime factors of 225.
3, 5
What are the prime factors of 10707?
3, 43, 83
What are the prime factors of 73?
73
List the prime factors of 72305.
5, 14461
List the prime factors of 33796.
2, 7, 17, 71
List the prime factors of 124.
2, 31
List the prime factors of 13265.
5, 7, 379
List the prime factors of 16302.
2, 3, 11, 13, 19
What are the prime factors of 109755?
3, 5, 271
List the prime factors of 1917.
3, 71
What are the prime factors of 2028?
2, 3, 13
List the prime factors of 154367.
29, 5323
What are the prime factors of 118181?
7, 16883
What are the prime factors of 55433?
7, 7919
List the prime factors of 4084.
2, 1021
What are the prime factors of 552?
2, 3, 23
List the prime factors of 48911.
59, 829
What are the prime factors of 120?
2, 3, 5
What are the prime factors of 15609?
3, 11, 43
What are the prime factors of 800?
2, 5
What are the prime factors of 548?
2, 137
List the prime factors of 34587.
3, 7, 61
List the prime factors of 8143.
17, 479
List the prime factors of 6198.
2, 3, 1033
What are the prime factors of 133?
7, 19
List the prime factors of 6799.
13, 523
What are the prime factors of 882?
2, 3, 7
List the prime factors of 111879.
3, 31, 401
What are the prime factors of 1000?
2, 5
What are the prime factors of 397?
397
List the prime factors of 4279.
11, 389
List the prime factors of 163243.
163243
What are the prime factors of 17617?
79, 223
List the prime factors of 49293.
3, 5477
What are the prime factors of 62825?
5, 7, 359
List the prime factors of 5687.
11, 47
What are the prime factors of 160?
2, 5
List the prime factors of 2778.
2, 3, 463
List the prime factors of 2200.
2, 5, 11
What are the prime factors of 62135?
5, 17, 43
List the prime factors of 4248.
2, 3, 59
What are the prime factors of 47278?
2, 7, 11, 307
What are the prime factors of 105033?
3, 157, 223
What are the prime factors of 26618?
2, 13309
What are the prime factors of 22315?
5, 4463
List the prime factors of 2568.
2, 3, 107
What are the prime factors of 2984?
2, 373
What are the prime factors of 522?
2, 3, 29
What are the prime factors of 720?
2, 3, 5
List the prime factors of 22436.
2, 71, 79
What are the prime factors of 26876?
2, 6719
List the prime factors of 5771.
29, 199
What are the prime factors of 163?
163
List the prime factors of 2079.
3, 7, 11
What are the prime factors of 467?
467
List the prime factors of 2638.
2, 1319
What are the prime factors of 44946?
2, 3, 11, 227
What are the prime factors of 2045?
5, 409
List the prime factors of 24893.
11, 31, 73
List the prime factors of 4964.
2, 17, 73
What are the prime factors of 2845?
5, 569
What are the prime factors of 46035?
3, 5, 11, 31
What are the prime factors of 91363?
211, 433
List the prime factors of 37438.
2, 18719
List the prime factors of 93823.
17, 5519
What are the prime factors of 22542?
2, 3, 13, 17
List the prime factors of 4151.
7, 593
List the prime factors of 52624.
2, 11, 13, 23
List the prime factors of 117902.
2, 167, 353
What are the prime factors of 973?
7, 139
What are the prime factors of 2582?
2, 1291
List the prime factors of 2248.
2, 281
What are the prime factors of 20477?
20477
What are the prime factors of 62916?
2, 3, 7, 107
List the prime factors of 26522.
2, 89, 149
List the prime factors of 4126.
2, 2063
What are the prime factors of 90253?
17, 5309
List the prime factors of 8135.
5, 1627
What are the prime factors of 6519?
3, 41, 53
List the prime factors of 23822.
2, 43, 277
List the prime factors of 979.
11, 89
What are the prime factors of 17491?
17491
What are the prime factors of 2775?
3, 5, 37
List the prime factors of 11573.
71, 163
List the prime factors of 17857.
7, 2551
List the prime factors of 880.
2, 5, 11
List the prime factors of 11439.
3, 31, 41
What are the prime factors of 1183?
7, 13
List the prime factors of 159183.
3, 23, 769
List the prime factors of 54344.
2, 6793
List the prime factors of 38061.
3, 4229
List the prime factors of 25007.
17, 1471
List the prime factors of 110967.
3, 47, 787
List the prime factors of 9182.
2, 4591
What are the prime factors of 15285?
3, 5, 1019
What are the prime factors of 1824?
2, 3, 19
List the prime factors of 788.
2, 197
List the prime factors of 5967.
3, 13, 17
List the prime factors of 138506.
2, 23, 3011
List the prime factors of 1069.
1069
List the prime factors of 8623.
8623
What are the prime factors of 90?
2, 3, 5
What are the prime factors of 1585?
5, 317
List the prime factors of 75182.
2, 37591
List the prime factors of 43230.
2, 3, 5, 11, 131
List the prime factors of 17332.
2, 7, 619
What are the prime factors of 37135?
5, 7, 1061
What are the prime factors of 999?
3, 37
List the prime factors of 3809.
13, 293
What are the prime factors of 2331?
3, 7, 37
List the prime factors of 104052.
2, 3, 13, 23, 29
What are the prime factors of 5480?
2, 5, 137
List the prime factors of 848.
2, 53
List the prime factors of 61297.
61297
List the prime factors of 4115.
5, 823
What are the prime factors of 1528?
2, 191
What are the prime factors of 3821?
3821
What are the prime factors of 3075?
3, 5, 41
List the prime factors of 5219.
17, 307
List the prime factors of 15381.
3, 1709
What are the prime factors of 771?
3, 257
List the prime factors of 169.
13
What are the prime factors of 41423?
23, 1801
What are the prime factors of 18852?
2, 3, 1571
What are the prime factors of 3284?
2, 821
List the prime factors of 57025.
5, 2281
List the prime factors of 1799.
7, 257
List the prime factors of 29522.
2, 29, 509
What are the prime factors of 305?
5, 61
What are the prime factors of 35071?
17, 2063
What are the prime factors of 2435?
5, 487
What are the prime factors of 20925?
3, 5, 31
List the prime factors of 10868.
2, 11, 13, 19
What are the prime factors of 17854?
2, 79, 113
What are the prime factors of 1457?
31, 47
What are the prime factors of 715?
5, 11, 13
What are the prime factors of 25499?
43, 593
What are the prime factors of 10491?
3, 13, 269
List the prime factors of 684.
2, 3, 19
List the prime factors of 9930.
2, 3, 5, 331
What are the prime factors of 2405?
5, 13, 37
What are the prime factors of 563?
563
What are the prime factors of 66497?
29, 2293
What are the prime factors of 389?
389
What are the prime factors of 135?
3, 5
List the prime factors of 3071.
37, 83
What are the prime factors of 2423?
2423
List the prime factors of 6813.
3, 757
List the prime factors of 180507.
3, 60169
List the prime factors of 5370.
2, 3, 5, 179
List the prime factors of 297.
3, 11
List the prime factors of 69498.
2, 3, 11, 13
What are the prime factors of 559?
13, 43
What are the prime factors of 20919?
3, 19, 367
What are the prime factors of 2240?
2, 5, 7
List the prime factors of 3453.
3, 1151
List the prime factors of 2198.
2, 7, 157
What are the prime factors of 16456?
2, 11, 17
What are the prime factors of 2879?
2879
What are the prime factors of 44186?
2, 22093
List the prime factors of 9379.
83, 113
What are the prime factors of 1728?
2, 3
List the prime factors of 1513.
17, 89
What are the prime factors of 3239?
41, 79
What are the prime factors of 461?
461
List the prime factors of 24149.
19, 31, 41
What are the prime factors of 1190?
2, 5, 7, 17
What are the prime factors of 1259?
1259
What are the prime factors of 24142?
2, 12071
What are the prime factors of 3559?
3559
List the prime factors of 463.
463
List the prime factors of 19809.
3, 31, 71
What are the prime factors of 29153?
29153
List the prime factors of 11185.
5, 2237
What are the prime factors of 381?
3, 127
List the prime factors of 38375.
5, 307
What are the prime factors of 242?
2, 11
What are the prime factors of 13783?
7, 11, 179
What are the prime factors of 28980?
2, 3, 5, 7, 23
List the prime factors of 110377.
23, 4799
What are the prime factors of 53009?
11, 61, 79
List the prime factors of 6117.
3, 2039
List the prime factors of 5994.
2, 3, 37
What are the prime factors of 9452?
2, 17, 139
What are the prime factors of 13228?
2, 3307
What are the prime factors of 840?
2, 3, 5, 7
List the prime factors of 564.
2, 3, 47
List the prime factors of 